= -4*k + 767. List the prime factors of k.
2, 79
Suppose 0 = m + c - 10 - 69, -1 = c. Suppose 2*t = 5*v - 120 + 21, -4*v + m = -2*t. What are the prime factors of v?
19
Suppose -4*o - 4*p + 4 + 0 = 0, 3*p + 7 = 2*o. Let z = 13 - o. Suppose z = n + 4. What are the prime factors of n?
7
Suppose -2*y = 5*k + 10, -7 - 13 = 4*y. Suppose k + 3 = u. What are the prime factors of u?
3
What are the prime factors of (-4)/(-14) - 9757/(-77)?
127
What are the prime factors of (84 + -7)/(2 + -1)?
7, 11
Suppose 531 = 5*o - 2*o. What are the prime factors of o?
3, 59
Let x be (3 + -1)*(-15)/(-5). Suppose 3*a - x*a = -9. List the prime factors of -1*-2*a + 2.
2
Let z be (-18)/8*8/(-3). Suppose -2*n + z = -3*n. Let k(t) = t + 10. List the prime factors of k(n).
2
Let w(n) = 3*n**2 - 3*n - 8. What are the prime factors of w(-4)?
2, 13
Let t = 47 + -51. Let d(q) = -4*q**3 + 5*q**2 - 22*q + 1. Let z(j) = -j**3 + 2*j**2 - 7*j. Let x(w) = -2*d(w) + 7*z(w). What are the prime factors of x(t)?
2, 3
Suppose -n - 49 = -4*o, 0 = 2*o + 2*n - 27 - 5. List the prime factors of o.
13
Let k(n) = -n**3 + 2*n - 1. Let o(m) = -2*m - 6. Let i be o(-5). Suppose -i*p = p + 10. What are the prime factors of k(p)?
3
Let a = -13 + 27. Let r be 242/a + 2/(-7). Suppose r = 4*i - 31. List the prime factors of i.
2, 3
Let l(a) = a. Let r be l(2). Suppose 16 = -c + y, 4*y - 3*y - r = 0. List the prime factors of (-1 - -5)*c/(-8).
7
Suppose 6*i - 856 = -16. What are the prime factors of i?
2, 5, 7
Let c be 10/(-35) - (-52)/(-14). Let z = c + 8. Suppose z*k + 3*t - 3 - 15 = 0, -1 = -k + t. List the prime factors of k.
3
Let x(m) = 19*m**2 - 3*m + 14. What are the prime factors of x(3)?
2, 11
Suppose -2*q + 7*q - 5 = 5*b, -3*q + 2*b = -4. Suppose -q*d + 14 = -20. Suppose p - 3*m + 12 = 3*p, -m = 5*p - d. What are the prime factors of p?
3
Suppose 15 = 3*s, -3*r + 18 = -2*r + 3*s. List the prime factors of r.
3
Let w(k) = -k**2 + 4*k + 5. Let r be w(5). Suppose 35 = 5*c - 2*x, 4*c - 4*x - 40 = -r*c. What are the prime factors of c?
5
Let d(p) = -8*p + 9. Let a be d(-6). Suppose 2*l = -l + a. List the prime factors of l.
19
Suppose 4*x - 3*t + 10 = 3, -t + 9 = 2*x. Suppose -2 = -f + x. Suppose w - f - 4 = 0. List the prime factors of w.
2
Let u(p) = -11*p - 3. Let r be u(-2). Suppose -t = -63 + r. What are the prime factors of t?
2, 11
Suppose 1 = -3*k - 5. What are the prime factors of k/(27/(-12) + 2)?
2
Suppose -5*b - p - 4*p = -10, 10 = -5*p. Suppose -4*a + 19 = -2*a - i, -17 = -b*a - 5*i. What are the prime factors of a?
2
Let m(k) = k**2 - 4*k - 1. What are the prime factors of m(6)?
11
Let u(z) = z**3 + 2*z**2 - z + 1. Let p be u(2). Let x = -10 + p. Suppose -j = -x*j + 40. List the prime factors of j.
2, 5
Suppose 4*h - o + 0*o - 11 = 0, -9 = -4*h + 3*o. Suppose h*m + 46 = -4*b - 24, 4*b = -m - 34. List the prime factors of (-2)/(-9) - 50/m.
3
Suppose 5*w - z = 0, 0 = 3*w + 4*z - 12 - 11. Suppose w - 25 = -3*t. What are the prime factors of t?
2
Suppose 4*q + 13 - 33 = 4*u, 0 = u - 2*q + 8. What are the prime factors of ((-112)/20)/(u/5)?
2, 7
Let m(a) = 13*a**3 - 6*a + 2*a**2 + a**3 + 5*a. Let c(x) = x**3 + 6*x**2 + x + 7. Let i be c(-6). What are the prime factors of m(i)?
3, 5
Let n(p) be the first derivative of -p**2 - 13*p + 1. What are the prime factors of n(-10)?
7
Let n be 1/(-1 + 2) - -3. Suppose -1 = n*d - 13. List the prime factors of d.
3
Let z = 268 + -185. Suppose 2 = 3*y + 3*s - 43, -5*y - 3*s + z = 0. What are the prime factors of y?
19
Let s(l) = l + 2. Let b be s(0). Suppose -5*o + 12 = b. Suppose -y + 6 = -4*k, -o*y - 2*y + 45 = 5*k. List the prime factors of y.
2, 5
Suppose 4 = 5*j - 11. Suppose -5*h + 69 = 3*n, -3 - 6 = -n + j*h. List the prime factors of n.
2, 3
Let o = 746 + -489. List the prime factors of o.
257
Suppose 8*c - 4*c - 40 = 0. Suppose -5*x = -c*x + 90. Let q = -11 + x. What are the prime factors of q?
7
Suppose -5*m + 87 = -2*m. Suppose -2*d - 70 = 3*d. Let n = m + d. List the prime factors of n.
3, 5
Let j(c) = c**2 + 3*c - 4. Let n be j(-3). Let y = -2 - n. List the prime factors of (1 - -4)*(-1 + y).
5
What are the prime factors of (-3 + 1 + 3)/(4/1096)?
2, 137
Suppose 13*a = 10*a + 510. What are the prime factors of a?
2, 5, 17
Suppose 2*r + 4 = 2*s, 2*r + 5*s - 17 = -0. Suppose -39 = -4*f + r. What are the prime factors of f?
2, 5
Suppose 91 = 2*n + 25. List the prime factors of n.
3, 11
Suppose -a = -3 - 1. Suppose 0 = 4*b + 3*u - 114, -a*b + 42 = -u - 64. Suppose -5*j + s + b - 6 = 0, 0 = s - 4. List the prime factors of j.
5
List the prime factors of 57 - 5 - (0 - -1).
3, 17
Let r(o) be the second derivative of -o**5/2 - o**4/6 + o**2/2 - 7*o. What are the prime factors of r(-1)?
3
Let r be 2/4*(2 - 2). Suppose 3*x + 12 = r, g - 3*x - 8 - 12 = 0. What are the prime factors of 66/g + (-5)/20?
2
Suppose 5*l - 3*s - 303 + 21 = 0, -283 = -5*l + 2*s. Let d = -6 + l. What are the prime factors of d?
3, 17
Suppose -35 = 5*z + 3*t - 6, 5*z - 3*t = -11. Let f be z/(-12) + (-14)/6. Let p = f - -5. What are the prime factors of p?
3
Suppose -s + 5*d + 190 = 0, -5*d + 3*d = s - 155. List the prime factors of s.
3, 5, 11
Suppose 18 = 4*r - 98. What are the prime factors of r?
29
Suppose -z + 29 = 2*z + 5*k, 2*z + 4*k - 22 = 0. Suppose -3*b = b. Let l = z + b. What are the prime factors of l?
3
Let b be (2 - 2)/((-2)/(-1)). Suppose 4*i = -12, 4*k - 13 = -i - b*i. What are the prime factors of k?
2
Let h = 5 - 4. Let p = h + 0. Suppose -m + p = -5*u + 65, -4 = -2*u - 5*m. List the prime factors of u.
2, 3
Let t(u) = 2*u**2 - 7*u + 5. Let k = 5 - 1. List the prime factors of t(k).
3
Let l(t) = -4*t + 2. Let k be l(8). What are the prime factors of (-97)/(-5) + 12/k?
19
Suppose 2*v = -2*h + 2, -6 + 20 = -v - 4*h. What are the prime factors of v?
2, 3
Suppose 2 = 2*q + 4*b, -5*q = -b - 17 + 67. Let k = q + 18. What are the prime factors of k?
3
Let v(p) = p**3 + 8*p**2 + 5*p - 8. Let h be v(-7). Let r = h - 2. What are the prime factors of r?
2
Let a = 3 - -43. List the prime factors of a.
2, 23
Let v(q) be the first derivative of q**4/4 + 2*q**3 - 4*q**2 + 8*q - 2. Let i be v(-8). Let m = -38 - i. What are the prime factors of m?
2, 3
Let v = 11 + -6. Suppose 0 = -v*i + 4*i + 27. List the prime factors of i.
3
Let n(u) = -u + 4. Let m be n(0). Suppose -m*t = -100 + 40. What are the prime factors of t?
3, 5
Let n = 12 - 29. Let u = n - -12. Let v(m) = -m**3 - 5*m**2 - 2*m + 4. What are the prime factors of v(u)?
2, 7
Let o = 7 - -2. What are the prime factors of o?
3
Let g be (-10)/(-6) + (-2)/3. Let z = g + -4. What are the prime factors of (16/(-6))/(1/z)?
2
Let x(p) = 101*p**3 + p**2 + 4*p - 5. What are the prime factors of x(1)?
101
What are the prime factors of (-4 - -5)*(7 - 2)?
5
Let d = -32 + 63. What are the prime factors of d?
31
Suppose 6 = 3*d - 3. Suppose 11 + 4 = 3*o. Suppose -o*k + 20 = -d*m, -m - 3*m + 20 = 0. List the prime factors of k.
7
Let j(c) = c**2 + 11*c + 4. Let b(q) = 2*q**2 + 23*q + 8. Let m(u) = 4*b(u) - 9*j(u). What are the prime factors of m(-3)?
2
Let d(h) = -h**2 + 10*h + 2. Let l be d(10). Suppose -2*t - 44 = -3*z - 4*t, l*z + 2*t - 30 = 0. What are the prime factors of z?
2, 7
Let x(u) = 16*u**2 - u - 6. What are the prime factors of x(5)?
389
Let z(w) = w**3 - 7*w**2 - 8*w + 1. Let o be z(8). Let a = -2 + o. List the prime factors of 11 - (1 + 0/a).
2, 5
Suppose -4*j + 0 - 16 = 0, 0 = 5*d - 2*j - 18. Let a(g) = 3 + 0*g + g - 5*g + 4*g**d. List the prime factors of a(2).
11
Suppose 4*y - 3*s + 5 = 2*s, 2*y + 3*s = 3. Suppose 0 = -3*r - 6, y = -2*u - 2*r + 22 + 26. List the prime factors of u.
2, 13
Let r = -45 - -69. Suppose -5*c = -3*d - 0*c + r, 67 = 4*d + 5*c. What are the prime factors of d?
13
Let y(a) = 236*a**2 + 2*a + 2. List the prime factors of y(-1).
2, 59
List the prime factors of (-2 + 5)/((-1)/(-4)).
2, 3
Suppose -2*h = -29 - 19. Suppose -w + h = 2. What are the prime factors of w?
2, 11
Let z(c) = 6*c**2 + 4*c. Suppose a = 3*w - 7, -4*w - 3*a = -9 + 4. List the prime factors of z(w).
2
What are the prime factors of 3*6/99 + (-1615)/(-11)?
3, 7
Let b(y) = -21*y + 5. List the prime factors of b(-2).
47
Let y = 6 - 2. Suppose q - 2*a = 5, y*q - 5*q - 3*a + 30 = 0. Suppose 4*m + d = q, 3*m - 5*d - 30 = 2*m. W